ons digit of 1039110?
1
What is the hundreds digit of 271099?
0
What is the hundreds digit of 44924?
9
What is the units digit of 498266?
6
What is the tens digit of 170975?
7
What is the hundreds digit of 401699?
6
What is the millions digit of 2029643?
2
What is the thousands digit of 80633?
0
What is the thousands digit of 25325?
5
What is the ten thousands digit of 92085?
9
What is the tens digit of 473272?
7
What is the hundred thousands digit of 24796573?
7
What is the tens digit of 54452?
5
What is the units digit of 1310898?
8
What is the tens digit of 1616516?
1
What is the hundred thousands digit of 166430?
1
What is the thousands digit of 16960337?
0
What is the thousands digit of 5991189?
1
What is the tens digit of 81164?
6
What is the thousands digit of 5408784?
8
What is the tens digit of 6622?
2
What is the thousands digit of 276388?
6
What is the units digit of 373880?
0
What is the hundreds digit of 2377775?
7
What is the units digit of 4164193?
3
What is the units digit of 12407875?
5
What is the hundreds digit of 3090833?
8
What is the hundred thousands digit of 1274290?
2
What is the hundred thousands digit of 2942272?
9
What is the hundreds digit of 5390899?
8
What is the ten thousands digit of 338268?
3
What is the tens digit of 5693912?
1
What is the ten thousands digit of 15232?
1
What is the units digit of 1477766?
6
What is the millions digit of 25119800?
5
What is the tens digit of 451734?
3
What is the ten millions digit of 39433367?
3
What is the units digit of 3382587?
7
What is the hundred thousands digit of 8922874?
9
What is the ten thousands digit of 2835584?
3
What is the thousands digit of 10160794?
0
What is the hundred thousands digit of 185286?
1
What is the units digit of 23012701?
1
What is the hundred thousands digit of 637627?
6
What is the hundreds digit of 1956905?
9
What is the tens digit of 173601?
0
What is the hundreds digit of 2100948?
9
What is the units digit of 4568814?
4
What is the tens digit of 17529890?
9
What is the ten thousands digit of 1080825?
8
What is the tens digit of 15065885?
8
What is the units digit of 272335?
5
What is the tens digit of 311659?
5
What is the units digit of 152934?
4
What is the millions digit of 35653331?
5
What is the millions digit of 1166507?
1
What is the ten thousands digit of 48106?
4
What is the units digit of 4087855?
5
What is the thousands digit of 530118?
0
What is the units digit of 242846?
6
What is the units digit of 6274683?
3
What is the tens digit of 381672?
7
What is the hundreds digit of 9546524?
5
What is the ten thousands digit of 917368?
1
What is the units digit of 10998930?
0
What is the thousands digit of 541712?
1
What is the hundreds digit of 14147595?
5
What is the units digit of 14954?
4
What is the units digit of 4536833?
3
What is the units digit of 5031204?
4
What is the millions digit of 13899139?
3
What is the hundreds digit of 3071505?
5
What is the tens digit of 15884?
8
What is the hundred thousands digit of 2299448?
2
What is the hundred thousands digit of 2631394?
6
What is the hundreds digit of 144692?
6
What is the ten thousands digit of 1661584?
6
What is the thousands digit of 1442950?
2
What is the hundred thousands digit of 536598?
5
What is the units digit of 759957?
7
What is the hundreds digit of 79106?
1
What is the millions digit of 26088460?
6
What is the hundreds digit of 171648?
6
What is the thousands digit of 33130262?
0
What is the hundred thousands digit of 187207?
1
What is the hundreds digit of 45417?
4
What is the hundreds digit of 3537646?
6
What is the units digit of 1056367?
7
What is the tens digit of 312578?
7
What is the hundreds digit of 55956?
9
What is the units digit of 955099?
9
What is the units digit of 316158?
8
What is the tens digit of 195866?
6
What is the hundred thousands digit of 5338018?
3
What is the hundred thousands digit of 434448?
4
What is the hundred thousands digit of 8635546?
6
What is the hundred thousands digit of 19138898?
1
What is the hundred thousands digit of 109096?
1
What is the hundreds digit of 12692339?
3
What is the tens digit of 215938?
3
What is the tens digit of 219774?
7
What is the hundred thousands digit of 12443379?
4
What is the ten thousands digit of 2485774?
8
What is the units digit of 143731?
1
What is the units digit of 827214?
4
What is the tens digit of 701752?
5
What is the hundred thousands digit of 304466?
3
What is the tens digit of 3583408?
0
What is the units digit of 469393?
3
What is the ten thousands digit of 29330?
2
What is the hundreds digit of 23196862?
8
What is the thousands digit of 8823303?
3
What is the tens digit of 16206713?
1
What is the hundred thousands digit of 866205?
8
What is the thousands digit of 16496759?
6
What is the hundred thousands digit of 1878456?
8
What is the tens digit of 3656494?
9
What is the thousands digit of 12931663?
1
What is the tens digit of 477589?
8
What is the ten thousands digit of 6994493?
9
What is the tens digit of 2340535?
3
What is the units digit of 307381?
1
What is the ten thousands digit of 2258662?
5
What is the thousands digit of 232236?
2
What is the thousands digit of 512675?
2
What is the hundreds digit of 3477495?
4
What is the thousands digit of 90126?
0
What is the tens digit of 1665298?
9
What is the thousands digit of 10779903?
9
What is the tens digit of 210886?
8
What is the millions digit of 4110455?
4
What is the hundreds digit of 8778532?
5
What is the ten thousands digit of 4091899?
9
What is the units digit of 198667?
7
What is the hundreds digit of 652190?
1
What is the units digit of 182647?
7
What is the hundreds digit of 472382?
3
What is the ten thousands digit of 744645?
4
What is the units digit of 2454747?
7
What is the hundred thousands digit of 295762?
2
What is the hundreds digit of 512299?
2
What is the tens digit of 4158821?
2
What is the units digit of 1767385?
5
What is the tens digit of 30159844?
4
What is the tens digit of 864681?
8
What is the thousands digit of 1920282?
0
What is the thousands digit of 928397?
8
What is the tens digit of 357599?
9
What is the units digit of 5130703?
3
What is the millions digit of 2009304?
2
What is the ten thousands digit of 66996?
6
What is the ten thousands digit of 17542860?
4
What is the tens digit of 783730?
3
What is the hundreds digit of 63597?
5
What is the hundred thousands digit of 107350?
1
What is the tens digit of 936041?
4
What is the thousands digit of 1095252?
5
What is the hundred thousands digit of 7496610?
4
What is the thousands digit of 345109?
5
What is the ten thousands digit of 980816?
8
What is the hundred thousands digit of 732901?
7
What is the millions digit of 11758374?
1
What is the tens digit of 789429?
2
What is the ten thousands digit of 6106257?
0
What is the thousands digit of 12261018?
1
What is the thousands digit of 296208?
6
What is the thousands digit of 9250043?
0
What is the units digit of 140023?
3
What is the tens digit of 40635483?
8
What is the millions digit of 2175856?
2
What is the hundred thousands digit of 1793712?
7
What is the thousands digit of 6106357?
6
What is the hundred thousands digit of 316151?
3
What is the thousands digit of 235661?
5
What is the ten thousands digit of 217417?
1
What is the ten millions digit of 19841582?
1
What is the tens digit of 798302?
0
What is the hundreds digit of 1404543?
5
What is the thousands digit of 2641920?
1
What is the thousands digit of 1225974?
5
What is the thousands digit of 135411?
5
What is the thousands digit of 7047740?
7
What is the ten thousands digit of 13670494?
7
What is the ten thousands digit of 1439500?
3
What is the hundreds digit of 759939?
9
What is the ten thousands digit of 447558?
4
What is the hundreds digit of 7479153?
1
What is the hundreds digit of 5023636?
6
What is the ten thousands digit of 2782353?
8
What is the thousands digit of 2122240?
2
What is the ten thousands digit of 411114?
1
What is the hundreds digit of 12522300?
3
What is the units digit of 19462308?
8
What is the hundreds digit of 186834?
8
What is the ten thousands digit of 5161904?
6
What is the tens digit of 6610525?
2
What is the millions digit of 1243425?
1
What is the hundreds digit of 8707212?
2
What is the ten